{"id":1787,"date":"2022-06-13T16:15:40","date_gmt":"2022-06-13T14:15:40","guid":{"rendered":"https:\/\/www.coraci-festival.de\/?page_id=1787"},"modified":"2023-05-17T11:38:01","modified_gmt":"2023-05-17T09:38:01","slug":"code-of-conduct","status":"publish","type":"page","link":"https:\/\/www.coraci-festival.de\/index.php\/code-of-conduct\/","title":{"rendered":"Code of Conduct"},"content":{"rendered":"\n<p>Wir haben einen Code of Conduct aufgestellt, der definieren soll wie wir w\u00e4hrend des Festivals miteinander umgehen und kommunizieren wollen. Dieser wird auch auf dem Gel\u00e4nde ausgedruckt zu finden sein. Das ganze Konzept ist au\u00dferdem an der Awareness-Zentrale zu finden.<\/p>\n\n\n\n<h3 class=\"wp-block-heading\">Awareness<\/h3>\n\n\n\n<p>Awareness hei\u00dft f\u00fcr uns, aufmerksam zu sein f\u00fcr Situationen, in denen die Grenzen und das Sicherheitsgef\u00fchl eines Menschen \u00fcberschritten werden und aktiv dem vorzubeugen.<\/p>\n\n\n\n<p><em>EN: For us, awareness means being attentive to situations in which a person&#8217;s boundaries and sense of safety are crossed and actively preventing this from happening.<\/em><\/p>\n\n\n\n<h3 class=\"wp-block-heading\"><strong>Safer Space &amp; Sichtbarkeit\/ <em>visibility<\/em><\/strong><\/h3>\n\n\n\n<p>Wenn du dich unwohl f\u00fchlst oder siehst, dass es anderen nicht gut geht, suche eine Awareness Person auf dem Gel\u00e4nde. Wir haben einen <a href=\"https:\/\/www.coraci-festival.de\/index.php\/awareness\/begriffserklarungen\/\" data-type=\"page\" data-id=\"2299\"><strong>Safer Space<\/strong>*<\/a>, sowie ein <a href=\"https:\/\/www.coraci-festival.de\/index.php\/awareness\/begriffserklarungen\/\" data-type=\"page\" data-id=\"2299\"><strong>BIPoC<\/strong>*<\/a> Safer Space eingerichtet, zu welchem wir dich bringen, falls du Abstand\/ Ruhe brauchst. Das Konzept mit dem wir arbeiten, liegt bei der <strong><a href=\"https:\/\/www.coraci-festival.de\/index.php\/awareness\/begriffserklarungen\/\" data-type=\"page\" data-id=\"2299\">Awareness*<\/a><\/strong>-Zentrale &#8211; einem Zelt, das (mit einem gro\u00dfen A) gekennzeichnet ist.<\/p>\n\n\n\n<p>Das <a href=\"https:\/\/www.coraci-festival.de\/index.php\/awareness\/begriffserklarungen\/\" data-type=\"page\" data-id=\"2299\"><strong>Awareness Team<\/strong>*<\/a> hat pinke T-Shirts mit einem wei\u00dfen A drauf an. Alle Helfenden und Organisierenden des Festivals sind \u00fcber diese\/n Regeln\/Werte\/Codex informiert.<\/p>\n\n\n\n<p><em>EN: If you feel uncomfortable or see others not doing well, look for an awareness person on the premises. We have set up a <a href=\"https:\/\/www.coraci-festival.de\/index.php\/awareness\/begriffserklarungen\/\" data-type=\"page\" data-id=\"2299\"><strong>Safer Space<\/strong>*<\/a>, as well as a <a href=\"https:\/\/www.coraci-festival.de\/index.php\/awareness\/begriffserklarungen\/\" data-type=\"page\" data-id=\"2299\"><strong>BIPoC<\/strong>*<\/a> Safer Space, to which we will take you if you need distance\/a quiet place. The concept we work with is at the Awareness* center &#8211; a tent marked with a big A.<\/em><\/p>\n\n\n\n<p><em>The <a href=\"https:\/\/www.coraci-festival.de\/index.php\/awareness\/begriffserklarungen\/\" data-type=\"page\" data-id=\"2299\"><strong>Awareness Team<\/strong>*<\/a> is wearing pink t-shirts with a white A on it. All helpers and organizers of the festival are informed about this\/these rules\/values\/code.<\/em><\/p>\n\n\n\n<h3 class=\"wp-block-heading\"><strong>Unsere Werte\/ <em>our values<\/em><\/strong><\/h3>\n\n\n\n<p>Wir m\u00f6chten, dass du diese Richtlinien ernst nimmst:<\/p>\n\n\n\n<p>\u2714 Achtsamkeit: sensibel + respektvoll sein<\/p>\n\n\n\n<p>\u2714 Pass auf deine Mitmenschen auf: Sag uns Bescheid wenn dich was besch\u00e4ftigt\/&nbsp; wenn sich was falsch anf\u00fchlt<\/p>\n\n\n\n<p>\u2714 Frag nach <a href=\"https:\/\/www.coraci-festival.de\/index.php\/awareness\/begriffserklarungen\/\" data-type=\"page\" data-id=\"2299\"><strong>Pronomen<\/strong>*<\/a>, bevor du \u00fcber Menschen redest.<\/p>\n\n\n\n<p>\u2714 Respektiere individuelle Grenzen \u2192 Nur Ja hei\u00dft Ja! Nein hei\u00dft immer Nein!<\/p>\n\n\n\n<p>\u2714 Lass deinen Oberk\u00f6rper bedeckt, Oberteile bleiben bitte an!<\/p>\n\n\n\n<p>\u2714 Feedback und Kritik zum A-Konzept sind willkommen<\/p>\n\n\n\n<p><em>EN: We want you to take these guidelines seriously:<\/em><\/p>\n\n\n\n<p><em>\u2714 Mindfulness: be sensitive + respectful.<\/em><\/p>\n\n\n\n<p><em>\u2714 Take care of your fellow human beings: let us know if something is bothering you\/if something feels wrong<\/em><\/p>\n\n\n\n<p><em>\u2714 Ask for <a href=\"https:\/\/www.coraci-festival.de\/index.php\/awareness\/begriffserklarungen\/\" data-type=\"page\" data-id=\"2299\"><strong>pronouns<\/strong>*<\/a> before talking about people.<\/em><\/p>\n\n\n\n<p><em>\u2714 Respect individual boundaries \u2192 Only yes means yes! No always means no!<\/em><\/p>\n\n\n\n<p><em>\u2714 Keep your upper body covered, leave your shirt on!<\/em><\/p>\n\n\n\n<p><em>\u2714 Feedback and criticism on the A-Concept are welcome.<\/em><\/p>\n\n\n\n<h3 class=\"wp-block-heading\"><strong>Das tolerieren wir nicht\/ <em>what we are not tolerating:<\/em><\/strong><\/h3>\n\n\n\n<p>\u2716 Gewalt (w\u00f6rtlich, k\u00f6rperlich, psychisch, rassistische, sexistische etc.)<\/p>\n\n\n\n<p>\u2716 Diskriminierung<\/p>\n\n\n\n<p>\u2716 Bel\u00e4stigung<\/p>\n\n\n\n<p>\u2716 <a href=\"https:\/\/www.coraci-festival.de\/index.php\/awareness\/begriffserklarungen\/\" data-type=\"page\" data-id=\"2299\"><strong>Kulturelle Aneignung<\/strong>*<\/a> und der respektlose Umgang mit verschiedenen Ausdrucksformen, Kulturen, Sprachen etc. wird nicht akzeptiert<\/p>\n\n\n\n<p>\u2716 Rechtsextreme Sprache\/Symboliken\/Menschen<\/p>\n\n\n\n<p><em>EN:<\/em><\/p>\n\n\n\n<p><em>\u2716 Violence (literal, physical, psychological, racist, sexist, etc.)<\/em><\/p>\n\n\n\n<p><em>\u2716 Discrimination<\/em><\/p>\n\n\n\n<p><em>\u2716 Harassment<\/em><\/p>\n\n\n\n<p><em>\u2716 <a href=\"https:\/\/www.coraci-festival.de\/index.php\/awareness\/begriffserklarungen\/\" data-type=\"page\" data-id=\"2299\"><strong>cultural appropriation<\/strong>*<\/a> and disrespectful treatment of different forms of expression, cultures, languages, etc. is not accepted<\/em><\/p>\n\n\n\n<p><em>\u2716 Right-wing extremist language\/symbols\/people<\/em><\/p>\n\n\n\n<p><\/p>\n\n\n\n<p><a href=\"https:\/\/www.coraci-festival.de\/index.php\/awareness\/begriffserklarungen\/\" data-type=\"page\" data-id=\"2299\">*Begriffserkl\u00e4rungen\/explanations of terms<\/a><\/p>\n\n\n\n<hr class=\"wp-block-separator has-alpha-channel-opacity\"\/>\n","protected":false},"excerpt":{"rendered":"<p>Wir haben einen Code of Conduct aufgestellt, der definieren soll wie wir w\u00e4hrend des Festivals miteinander umgehen und kommunizieren wollen. Dieser wird auch auf dem Gel\u00e4nde ausgedruckt zu finden sein. Das ganze Konzept ist au\u00dferdem an der Awareness-Zentrale zu finden. Awareness Awareness hei\u00dft f\u00fcr uns, aufmerksam zu sein f\u00fcr Situationen, in denen die Grenzen und &hellip; <\/p>\n<p class=\"link-more\"><a href=\"https:\/\/www.coraci-festival.de\/index.php\/code-of-conduct\/\" class=\"more-link\"><span class=\"screen-reader-text\">\u201eCode of Conduct\u201c<\/span> weiterlesen<\/a><\/p>\n","protected":false},"author":1,"featured_media":0,"parent":0,"menu_order":0,"comment_status":"closed","ping_status":"closed","template":"","meta":{"footnotes":""},"class_list":["post-1787","page","type-page","status-publish","hentry"],"_links":{"self":[{"href":"https:\/\/www.coraci-festival.de\/index.php\/wp-json\/wp\/v2\/pages\/1787","targetHints":{"allow":["GET"]}}],"collection":[{"href":"https:\/\/www.coraci-festival.de\/index.php\/wp-json\/wp\/v2\/pages"}],"about":[{"href":"https:\/\/www.coraci-festival.de\/index.php\/wp-json\/wp\/v2\/types\/page"}],"author":[{"embeddable":true,"href":"https:\/\/www.coraci-festival.de\/index.php\/wp-json\/wp\/v2\/users\/1"}],"replies":[{"embeddable":true,"href":"https:\/\/www.coraci-festival.de\/index.php\/wp-json\/wp\/v2\/comments?post=1787"}],"version-history":[{"count":8,"href":"https:\/\/www.coraci-festival.de\/index.php\/wp-json\/wp\/v2\/pages\/1787\/revisions"}],"predecessor-version":[{"id":2305,"href":"https:\/\/www.coraci-festival.de\/index.php\/wp-json\/wp\/v2\/pages\/1787\/revisions\/2305"}],"wp:attachment":[{"href":"https:\/\/www.coraci-festival.de\/index.php\/wp-json\/wp\/v2\/media?parent=1787"}],"curies":[{"name":"wp","href":"https:\/\/api.w.org\/{rel}","templated":true}]}}