{"id":2059,"date":"2023-05-03T16:01:17","date_gmt":"2023-05-03T14:01:17","guid":{"rendered":"https:\/\/www.coraci-festival.de\/?page_id=2059"},"modified":"2025-09-24T14:08:34","modified_gmt":"2025-09-24T12:08:34","slug":"rahmenprogramm-2","status":"publish","type":"page","link":"https:\/\/www.coraci-festival.de\/index.php\/programm-2023\/rahmenprogramm-2\/","title":{"rendered":"Rahmenprogramm 2023"},"content":{"rendered":"\n<p class=\"has-vivid-purple-color has-text-color\"><strong><em><a href=\"https:\/\/www.coraci-festival.de\/index.php\/program\/\">engli<\/a>sh<\/em><\/strong><\/p>\n\n\n<div class=\"wp-block-image\">\n<figure class=\"aligncenter size-large is-resized\"><a href=\"https:\/\/www.coraci-festival.de\/wp-content\/uploads\/2023\/05\/photo_2023-05-08_16-02-34.jpg\"><img loading=\"lazy\" decoding=\"async\" width=\"1024\" height=\"1024\" src=\"https:\/\/www.coraci-festival.de\/wp-content\/uploads\/2023\/05\/photo_2023-05-08_16-02-34-1024x1024.jpg\" alt=\"\" class=\"wp-image-2080\" style=\"width:444px;height:444px\" srcset=\"https:\/\/www.coraci-festival.de\/wp-content\/uploads\/2023\/05\/photo_2023-05-08_16-02-34-1024x1024.jpg 1024w, https:\/\/www.coraci-festival.de\/wp-content\/uploads\/2023\/05\/photo_2023-05-08_16-02-34-300x300.jpg 300w, https:\/\/www.coraci-festival.de\/wp-content\/uploads\/2023\/05\/photo_2023-05-08_16-02-34-150x150.jpg 150w, https:\/\/www.coraci-festival.de\/wp-content\/uploads\/2023\/05\/photo_2023-05-08_16-02-34-768x768.jpg 768w, https:\/\/www.coraci-festival.de\/wp-content\/uploads\/2023\/05\/photo_2023-05-08_16-02-34-100x100.jpg 100w, https:\/\/www.coraci-festival.de\/wp-content\/uploads\/2023\/05\/photo_2023-05-08_16-02-34.jpg 1080w\" sizes=\"auto, (max-width: 767px) 89vw, (max-width: 1000px) 54vw, (max-width: 1071px) 543px, 580px\" \/><\/a><\/figure>\n<\/div>\n\n\n<p class=\"has-text-align-center\"><strong>Mohamed Amjahid<\/strong>, 1988 in Frankfurt a. M. geboren, ist politischer Journalist, Buchautor und Moderator. Er lebt momentan in Berlin. F\u00fcr seine B\u00fccher \u00bbUnter Wei\u00dfen\u00ab und \u00bbDer wei\u00dfe Fleck\u00ab hat Amjahid viel Aufmerksamkeit bekommen. Auf dem Coraci wird der Autor eine Lesung \u00fcber sein Buch \u00bbLet\u2019s talk about Sex Habibi\u00ab halten.<br>Thema: **Der Sex der Anderen**<br>Unser Blick auf Liebe und Begehren in Nordafrika ist stark von Klischees, Orientalismus und Fetischisierung gepr\u00e4gt. Doch welche Freiheiten gibt es in vermeintlich geschlossenen Gesellschaften? Mohamed Amjahid zeigt, wie die allt\u00e4gliche Sexualit\u00e4t der Nordafrikaner*innen wirklich ist und r\u00e4umt mit rassistischen Stereotypen auf. Er erz\u00e4hlt von Orgien am Fu\u00dfe des Atlasgebirges, muslimischen Liebeszaubern und Salafisten, die \u00fcberteuerte Kondome verkaufen. Aber auch von toxischer M\u00e4nnlichkeit, religi\u00f6sem Machtmissbrauch und sexualisierter Gewalt. Ein ungetr\u00fcbter Blick in die Schlafzimmer von Marokko bis \u00c4gypten.<\/p>\n\n\n\n<div style=\"height:100px\" aria-hidden=\"true\" class=\"wp-block-spacer\"><\/div>\n\n\n<div class=\"wp-block-image\">\n<figure class=\"aligncenter size-large is-resized\"><a href=\"https:\/\/www.coraci-festival.de\/wp-content\/uploads\/2023\/05\/veenus_-Line-Up-Ankuendigung-1-2.jpg\"><img loading=\"lazy\" decoding=\"async\" width=\"1024\" height=\"1024\" src=\"https:\/\/www.coraci-festival.de\/wp-content\/uploads\/2023\/05\/veenus_-Line-Up-Ankuendigung-1-2-1024x1024.jpg\" alt=\"\" class=\"wp-image-2115\" style=\"width:458px;height:458px\" srcset=\"https:\/\/www.coraci-festival.de\/wp-content\/uploads\/2023\/05\/veenus_-Line-Up-Ankuendigung-1-2-1024x1024.jpg 1024w, https:\/\/www.coraci-festival.de\/wp-content\/uploads\/2023\/05\/veenus_-Line-Up-Ankuendigung-1-2-300x300.jpg 300w, https:\/\/www.coraci-festival.de\/wp-content\/uploads\/2023\/05\/veenus_-Line-Up-Ankuendigung-1-2-150x150.jpg 150w, https:\/\/www.coraci-festival.de\/wp-content\/uploads\/2023\/05\/veenus_-Line-Up-Ankuendigung-1-2-768x768.jpg 768w, https:\/\/www.coraci-festival.de\/wp-content\/uploads\/2023\/05\/veenus_-Line-Up-Ankuendigung-1-2-100x100.jpg 100w, https:\/\/www.coraci-festival.de\/wp-content\/uploads\/2023\/05\/veenus_-Line-Up-Ankuendigung-1-2.jpg 1080w\" sizes=\"auto, (max-width: 767px) 89vw, (max-width: 1000px) 54vw, (max-width: 1071px) 543px, 580px\" \/><\/a><figcaption class=\"wp-element-caption\">credits: Svenja Trierscheid<\/figcaption><\/figure>\n<\/div>\n\n\n<p class=\"has-text-align-center\">Workshop: Wie pr\u00e4sentiere ich mich (politisch) auf Instagram? mit: <strong>veenus*<\/strong><\/p>\n\n\n\n<p class=\"has-text-align-center\">\u201eKann ich meine kreativen Projekte pr\u00e4sentieren und gleichzeitig politische Themen auf meinem Account \u00e4u\u00dfern?\u201c<\/p>\n\n\n\n<p class=\"has-text-align-center\">\u201eIch m\u00f6chte mich auf Instagram solidarisch zeigen aber Social Media \u00fcberfordert mich.\u201c<\/p>\n\n\n\n<p class=\"has-text-align-center\">Wem dies schonmal durch den Kopf ging, ist beim Workshop \u201eWie pr\u00e4sentiere ich mich (politisch) auf Instagram? \u2013 eine Social Veedia Einf\u00fchrung\u201c genau richtig. In diesem Workshop fragen wir uns, wie wir mit unseren (geringen) Kapazit\u00e4ten dem ber\u00fcchtigten Algorithmus gerecht werden und uns gleichzeitig vor dem social Burnout\/der social Anxiety sch\u00fctzen. Daf\u00fcr schauen wir uns strategische M\u00f6glichkeiten an, um individuelle Social Media-Ziele zu erreichen. Es folgt ein Blick darauf, wie politische Authentizit\u00e4t und Aktivismus in den sozialen Medien aussehen kann (nicht muss!), gefolgt von einer kleinen Q&amp;A-Runde.<\/p>\n\n\n\n<p class=\"has-text-align-center\">Hier geht\u2019s zur <a href=\"https:\/\/www.umfrageonline.com\/c\/wwbnjghx\">Workshopanmeldung<\/a><\/p>\n\n\n\n<p class=\"has-text-align-center\">Bitte bringt euer Smartphone mit zum Workshop und f\u00fcllt vorweg den <a href=\"https:\/\/2jc7j0r5plk.typeform.com\/to\/j4ribSTL\">Fragebogen<\/a> aus.<\/p>\n\n\n\n<p class=\"has-text-align-center\">Ich freue mich auf euch! &#8211; Vee<\/p>\n\n\n\n<div style=\"height:100px\" aria-hidden=\"true\" class=\"wp-block-spacer\"><\/div>\n\n\n<div class=\"wp-block-image\">\n<figure class=\"aligncenter size-large is-resized\"><a href=\"http:\/\/www.coraci-festival.de\/wp-content\/uploads\/2023\/05\/Naomi-Line-Up-Ankuendigung.jpg\"><img loading=\"lazy\" decoding=\"async\" width=\"1024\" height=\"1024\" src=\"http:\/\/www.coraci-festival.de\/wp-content\/uploads\/2023\/05\/Naomi-Line-Up-Ankuendigung-1024x1024.jpg\" alt=\"\" class=\"wp-image-2157\" style=\"width:496px;height:496px\" srcset=\"https:\/\/www.coraci-festival.de\/wp-content\/uploads\/2023\/05\/Naomi-Line-Up-Ankuendigung-1024x1024.jpg 1024w, https:\/\/www.coraci-festival.de\/wp-content\/uploads\/2023\/05\/Naomi-Line-Up-Ankuendigung-300x300.jpg 300w, https:\/\/www.coraci-festival.de\/wp-content\/uploads\/2023\/05\/Naomi-Line-Up-Ankuendigung-150x150.jpg 150w, https:\/\/www.coraci-festival.de\/wp-content\/uploads\/2023\/05\/Naomi-Line-Up-Ankuendigung-768x768.jpg 768w, https:\/\/www.coraci-festival.de\/wp-content\/uploads\/2023\/05\/Naomi-Line-Up-Ankuendigung-100x100.jpg 100w, https:\/\/www.coraci-festival.de\/wp-content\/uploads\/2023\/05\/Naomi-Line-Up-Ankuendigung.jpg 1080w\" sizes=\"auto, (max-width: 767px) 89vw, (max-width: 1000px) 54vw, (max-width: 1071px) 543px, 580px\" \/><\/a><\/figure>\n<\/div>\n\n\n<p class=\"has-text-align-center\"><strong>Naomi Boima<\/strong> (they\/she) ist eine Berliner Aktionsk\u00fcnstler*in mit Deutsch-Sierraleonischen Wurzeln, die sich durch verschiedene Medien wie Malerei, Performance, Skulptur und Illustration ausdr\u00fcckt. In ihrer Arbeit m\u00f6chte Naomi Schwarze Menschen st\u00e4rken und Schmerz in Freude oder auch in Konfrontation umwandeln. Naomis Fokus liegt darauf, Machtstrukturen durch eine Schwarze feministische Queere Perspektive umzugestalten. Naomi wird auf dem coraci eine Kunstauststellung gestalten, die ihr am 19. und 20. Mai bestaunen k\u00f6nnt.<\/p>\n\n\n\n<div style=\"height:100px\" aria-hidden=\"true\" class=\"wp-block-spacer\"><\/div>\n\n\n<div class=\"wp-block-image\">\n<figure class=\"aligncenter size-large is-resized\"><a href=\"http:\/\/www.coraci-festival.de\/wp-content\/uploads\/2023\/05\/Nura.png\"><img loading=\"lazy\" decoding=\"async\" width=\"1024\" height=\"1024\" src=\"http:\/\/www.coraci-festival.de\/wp-content\/uploads\/2023\/05\/Nura-1024x1024.png\" alt=\"\" class=\"wp-image-2176\" style=\"width:497px;height:497px\" srcset=\"https:\/\/www.coraci-festival.de\/wp-content\/uploads\/2023\/05\/Nura-1024x1024.png 1024w, https:\/\/www.coraci-festival.de\/wp-content\/uploads\/2023\/05\/Nura-300x300.png 300w, https:\/\/www.coraci-festival.de\/wp-content\/uploads\/2023\/05\/Nura-150x150.png 150w, https:\/\/www.coraci-festival.de\/wp-content\/uploads\/2023\/05\/Nura-768x768.png 768w, https:\/\/www.coraci-festival.de\/wp-content\/uploads\/2023\/05\/Nura-100x100.png 100w, https:\/\/www.coraci-festival.de\/wp-content\/uploads\/2023\/05\/Nura.png 1080w\" sizes=\"auto, (max-width: 767px) 89vw, (max-width: 1000px) 54vw, (max-width: 1071px) 543px, 580px\" \/><\/a><\/figure>\n<\/div>\n\n\n<p class=\"has-text-align-center has-vivid-purple-color has-text-color\"><strong>Der Workshop ist voll!<\/strong><\/p>\n\n\n\n<p class=\"has-text-align-center\">Im Workshop mixen wir groovy Tunes f\u00fcr mehr Repr\u00e4sentation an den Decks. <strong>Nura<\/strong> gibt euch eine Einf\u00fchrung in Rekordbox und ins Mixen. Wir vernetzen uns, tauschen uns \u00fcber Musik aus und \u00fcben am Controller das Auflegen unserer Lieblingstracks. Nehmt gerne einen USB-Stick mit euren liebsten Songs mit, die euren Booty zum Shaken und euren K\u00f6rper zum Dance bringen.<\/p>\n\n\n\n<p class=\"has-text-align-center\"> Der Workshop findet am Donnerstag den 18.05. (im Avenir in der Katzenstra\u00dfe 2) statt, und ist nur f\u00fcr FLINTA* Personen vorgesehen, wobei ich mich sehr \u00fcber Anmeldungen von marginalisierten FLINTA* freue!<\/p>\n\n\n\n<p class=\"has-text-align-center\"><a href=\"https:\/\/www.umfrageonline.com\/c\/cgccewcq\">Hier<\/a> geht&#8217;s zur Workshop-Anmeldung.<\/p>\n\n\n\n<div style=\"height:100px\" aria-hidden=\"true\" class=\"wp-block-spacer\"><\/div>\n\n\n<div class=\"wp-block-image\">\n<figure class=\"aligncenter size-large is-resized\"><a href=\"http:\/\/www.coraci-festival.de\/wp-content\/uploads\/2023\/05\/Tahsin-Mirza-Ankuendigung-1.jpg\"><img loading=\"lazy\" decoding=\"async\" width=\"1024\" height=\"1024\" src=\"http:\/\/www.coraci-festival.de\/wp-content\/uploads\/2023\/05\/Tahsin-Mirza-Ankuendigung-1-1024x1024.jpg\" alt=\"\" class=\"wp-image-2190\" style=\"width:521px;height:521px\" srcset=\"https:\/\/www.coraci-festival.de\/wp-content\/uploads\/2023\/05\/Tahsin-Mirza-Ankuendigung-1-1024x1024.jpg 1024w, https:\/\/www.coraci-festival.de\/wp-content\/uploads\/2023\/05\/Tahsin-Mirza-Ankuendigung-1-300x300.jpg 300w, https:\/\/www.coraci-festival.de\/wp-content\/uploads\/2023\/05\/Tahsin-Mirza-Ankuendigung-1-150x150.jpg 150w, https:\/\/www.coraci-festival.de\/wp-content\/uploads\/2023\/05\/Tahsin-Mirza-Ankuendigung-1-768x768.jpg 768w, https:\/\/www.coraci-festival.de\/wp-content\/uploads\/2023\/05\/Tahsin-Mirza-Ankuendigung-1-100x100.jpg 100w, https:\/\/www.coraci-festival.de\/wp-content\/uploads\/2023\/05\/Tahsin-Mirza-Ankuendigung-1.jpg 1080w\" sizes=\"auto, (max-width: 767px) 89vw, (max-width: 1000px) 54vw, (max-width: 1071px) 543px, 580px\" \/><\/a><\/figure>\n<\/div>\n\n\n<p class=\"has-text-align-center\">In dem Workshop \u201eRassismus verstehen\u201c mit <strong>Tahsin Mirza<\/strong> geht es um Rassismus als gesellschaftliches Machtverh\u00e4ltnis. Es wird ein vielf\u00e4ltiges Verst\u00e4ndnis f\u00fcr den Themenbereich geschaffen, um neue Perspektiven daf\u00fcr zu etablieren und Sicherheit in Gespr\u00e4chen \u00fcber Rassismus zu erhalten.<\/p>\n\n\n\n<p class=\"has-text-align-center\">Hierbei wird ein Fokus auf die Verantwortung jeder Einzelperson im Hinblick auf das Thema gesetzt. Dies ist die Grundlage zur Entwicklung einer rassismuskritischen Haltung sowie der Erprobung eines sensiblen Umgangs mit den Auswirkungen von Rassismus auf betroffene Menschen.<\/p>\n\n\n\n<p class=\"has-text-align-center\">\u201eRassismus verstehen\u201c ist der ideale Einstieg in die rassismuskritische Welt und richtet sich an alle, die sich selbstkritisch mit diesem Thema auseinandersetzen m\u00f6chten.<\/p>\n\n\n\n<p class=\"has-text-align-center\">Der Workshop findet am 20.05  von 14-15:30h statt. <a href=\"https:\/\/www.umfrageonline.com\/c\/xrkcyfrh\">Hier<\/a> geht\u2019s zur Workshop-Anmeldung.<\/p>\n\n\n\n<div style=\"height:100px\" aria-hidden=\"true\" class=\"wp-block-spacer\"><\/div>\n\n\n<div class=\"wp-block-image\">\n<figure class=\"aligncenter size-large is-resized\"><a href=\"https:\/\/www.coraci-festival.de\/wp-content\/uploads\/2023\/05\/Papis-Ankuendigung-1.jpg\"><img loading=\"lazy\" decoding=\"async\" width=\"1024\" height=\"1024\" src=\"https:\/\/www.coraci-festival.de\/wp-content\/uploads\/2023\/05\/Papis-Ankuendigung-1-1024x1024.jpg\" alt=\"\" class=\"wp-image-2204\" style=\"width:512px;height:512px\" srcset=\"https:\/\/www.coraci-festival.de\/wp-content\/uploads\/2023\/05\/Papis-Ankuendigung-1-1024x1024.jpg 1024w, https:\/\/www.coraci-festival.de\/wp-content\/uploads\/2023\/05\/Papis-Ankuendigung-1-300x300.jpg 300w, https:\/\/www.coraci-festival.de\/wp-content\/uploads\/2023\/05\/Papis-Ankuendigung-1-150x150.jpg 150w, https:\/\/www.coraci-festival.de\/wp-content\/uploads\/2023\/05\/Papis-Ankuendigung-1-768x768.jpg 768w, https:\/\/www.coraci-festival.de\/wp-content\/uploads\/2023\/05\/Papis-Ankuendigung-1-100x100.jpg 100w, https:\/\/www.coraci-festival.de\/wp-content\/uploads\/2023\/05\/Papis-Ankuendigung-1.jpg 1080w\" sizes=\"auto, (max-width: 767px) 89vw, (max-width: 1000px) 54vw, (max-width: 1071px) 543px, 580px\" \/><\/a><\/figure>\n<\/div>\n\n\n<p class=\"has-text-align-center\">19.05. 15-16Uhr, Tanzworkshop: Afro Styles  <\/p>\n\n\n\n<p class=\"has-text-align-center\">Mit: Papis B\u00e2<\/p>\n\n\n\n<p class=\"has-text-align-center\">Im Tanzworkshop werden Afro Styles ausprobiert, eine Mischung von Hip Hop Urban und Afrikanischem Tanz. Der Workshop beginnt mit einem Warm-Up, danach werden verschiedene Tanzschritte ge\u00fcbt und im Anschluss wird eine Choreographie getanzt.<\/p>\n\n\n\n<div style=\"height:100px\" aria-hidden=\"true\" class=\"wp-block-spacer\"><\/div>\n\n\n<div class=\"wp-block-image\">\n<figure class=\"aligncenter size-large is-resized\"><a href=\"https:\/\/www.coraci-festival.de\/wp-content\/uploads\/2023\/05\/Saki-Ankuendigung-1.png\"><img loading=\"lazy\" decoding=\"async\" width=\"1024\" height=\"1024\" src=\"https:\/\/www.coraci-festival.de\/wp-content\/uploads\/2023\/05\/Saki-Ankuendigung-1-1024x1024.png\" alt=\"\" class=\"wp-image-2233\" style=\"width:551px;height:551px\" srcset=\"https:\/\/www.coraci-festival.de\/wp-content\/uploads\/2023\/05\/Saki-Ankuendigung-1-1024x1024.png 1024w, https:\/\/www.coraci-festival.de\/wp-content\/uploads\/2023\/05\/Saki-Ankuendigung-1-300x300.png 300w, https:\/\/www.coraci-festival.de\/wp-content\/uploads\/2023\/05\/Saki-Ankuendigung-1-150x150.png 150w, https:\/\/www.coraci-festival.de\/wp-content\/uploads\/2023\/05\/Saki-Ankuendigung-1-768x768.png 768w, https:\/\/www.coraci-festival.de\/wp-content\/uploads\/2023\/05\/Saki-Ankuendigung-1-100x100.png 100w, https:\/\/www.coraci-festival.de\/wp-content\/uploads\/2023\/05\/Saki-Ankuendigung-1.png 1080w\" sizes=\"auto, (max-width: 767px) 89vw, (max-width: 1000px) 54vw, (max-width: 1071px) 543px, 580px\" \/><\/a><\/figure>\n<\/div>\n\n\n<p class=\"has-text-align-center has-vivid-red-color has-text-color has-medium-font-size\"><strong>Leider aufgrund von Krankheit abgesagt\/ verschoben auf sp\u00e4tere Coracis<\/strong><\/p>\n\n\n\n<p class=\"has-text-align-center\">\u201eTop oder Bottom?\u201d<\/p>\n\n\n\n<p class=\"has-text-align-center\"><strong>Jacqueline Saki Aslan<\/strong> wird in ihrer Lecture Performance die spannende Thematik \u00bbDominanzkultur an der Schnittstelle Kunst, Vermittlung &amp; Theorie\u00ab behandeln. Inhalt werden auch Ausschnitten aus ihrem Rohst\u00fcck &#8222;Nobody Puts Baby In The Corner&#8220; sein. Anschlie\u00dfend wird es noch einen Talk geben.<\/p>\n\n\n\n<p class=\"has-text-align-center\">Ihre Lectures, Workshops und Ver\u00f6ffentlichungen behandeln Themen an der Schnittstelle von Kunst, Klassismus, Erinnerungskultur, Menschenrechten und Intersektionalit\u00e4t.<\/p>\n\n\n\n<div style=\"height:100px\" aria-hidden=\"true\" class=\"wp-block-spacer\"><\/div>\n\n\n<div class=\"wp-block-image\">\n<figure class=\"aligncenter size-large is-resized\"><a href=\"https:\/\/www.coraci-festival.de\/wp-content\/uploads\/2023\/05\/Dzoni-Ankuendigung-1.png\"><img loading=\"lazy\" decoding=\"async\" width=\"1024\" height=\"1024\" src=\"https:\/\/www.coraci-festival.de\/wp-content\/uploads\/2023\/05\/Dzoni-Ankuendigung-1-1024x1024.png\" alt=\"\" class=\"wp-image-2237\" style=\"width:550px;height:550px\" srcset=\"https:\/\/www.coraci-festival.de\/wp-content\/uploads\/2023\/05\/Dzoni-Ankuendigung-1-1024x1024.png 1024w, https:\/\/www.coraci-festival.de\/wp-content\/uploads\/2023\/05\/Dzoni-Ankuendigung-1-300x300.png 300w, https:\/\/www.coraci-festival.de\/wp-content\/uploads\/2023\/05\/Dzoni-Ankuendigung-1-150x150.png 150w, https:\/\/www.coraci-festival.de\/wp-content\/uploads\/2023\/05\/Dzoni-Ankuendigung-1-768x768.png 768w, https:\/\/www.coraci-festival.de\/wp-content\/uploads\/2023\/05\/Dzoni-Ankuendigung-1-100x100.png 100w, https:\/\/www.coraci-festival.de\/wp-content\/uploads\/2023\/05\/Dzoni-Ankuendigung-1.png 1080w\" sizes=\"auto, (max-width: 767px) 89vw, (max-width: 1000px) 54vw, (max-width: 1071px) 543px, 580px\" \/><\/a><\/figure>\n<\/div>\n\n\n<p class=\"has-text-align-center\">Der Vortrag von <strong>Dzoni Sichelschmidt<\/strong> will auf die spezifischen Probleme aufmerksam machen, denen Rom*nja und Sinti*zze Sch\u00fcler*innen und das Schulpersonal im Schulalltag begegnen k\u00f6nnen. Dazu geh\u00f6ren Sprachbarrieren, Bildungsarmut, Rassismus und Diskriminierung, fehlendes Bewusstsein und Unterst\u00fctzung sowie mangelnde Unterst\u00fctzung von Eltern. Durch den Einsatz von Rom*nja und Sinti*zze Bildungsberater*innen und gezielten F\u00f6rderma\u00dfnahmen k\u00f6nnen diese Probleme jedoch angegangen werden.<\/p>\n\n\n\n<div style=\"height:100px\" aria-hidden=\"true\" class=\"wp-block-spacer\"><\/div>\n\n\n<div class=\"wp-block-image\">\n<figure class=\"aligncenter size-large is-resized\"><a href=\"http:\/\/www.coraci-festival.de\/wp-content\/uploads\/2023\/05\/Radikal-Juedisch-Ankuendigung-1.jpg\"><img loading=\"lazy\" decoding=\"async\" width=\"1024\" height=\"1024\" src=\"http:\/\/www.coraci-festival.de\/wp-content\/uploads\/2023\/05\/Radikal-Juedisch-Ankuendigung-1-1024x1024.jpg\" alt=\"\" class=\"wp-image-2242\" style=\"width:572px;height:572px\" srcset=\"https:\/\/www.coraci-festival.de\/wp-content\/uploads\/2023\/05\/Radikal-Juedisch-Ankuendigung-1-1024x1024.jpg 1024w, https:\/\/www.coraci-festival.de\/wp-content\/uploads\/2023\/05\/Radikal-Juedisch-Ankuendigung-1-300x300.jpg 300w, https:\/\/www.coraci-festival.de\/wp-content\/uploads\/2023\/05\/Radikal-Juedisch-Ankuendigung-1-150x150.jpg 150w, https:\/\/www.coraci-festival.de\/wp-content\/uploads\/2023\/05\/Radikal-Juedisch-Ankuendigung-1-768x768.jpg 768w, https:\/\/www.coraci-festival.de\/wp-content\/uploads\/2023\/05\/Radikal-Juedisch-Ankuendigung-1-100x100.jpg 100w, https:\/\/www.coraci-festival.de\/wp-content\/uploads\/2023\/05\/Radikal-Juedisch-Ankuendigung-1.jpg 1080w\" sizes=\"auto, (max-width: 767px) 89vw, (max-width: 1000px) 54vw, (max-width: 1071px) 543px, 580px\" \/><\/a><\/figure>\n<\/div>\n\n\n<p class=\"has-text-align-center\">20.05. 13-16Uhr<br>Workshop: Solidarit\u00e4t mit j\u00fcdischen Menschen in Antira-Bewegungen<br>mit: <strong>Riv &amp; Nora<\/strong><\/p>\n\n\n\n<p class=\"has-text-align-center\">Antisemitismus ist in Deutschland immer wieder ein Thema. Doch steht bei diesem Thema die Erz\u00e4hlung einer guten deutschen Geschichtsaufarbeitung im Mittelpunkt. Unter den Tisch fallen nur allzu oft Themen wie j\u00fcdische Armut in Deutschland, die Nichtanerkennung von Bildungsabschl\u00fcssen und die Pluralit\u00e4t von J\u00fcd*innen und ihren Perspektiven. So wird viel \u00fcber j\u00fcdische Menschen gesprochen und doch wird sich kaum mit&nbsp; j\u00fcdischen Erfahrungen und Perspektiven auseinandergesetzt. Das wollen die Bildungsreferent*innen Riv und Nora \u00e4ndern.<\/p>\n\n\n\n<p class=\"has-text-align-center\">In diesem Workshop stellen wir j\u00fcdische Perspektiven in den Vordergrund. Wir werden \u00fcber Antisemitismus und Rassismus sprechen, \u00fcber Gemeinsamkeiten und Unterschiede und \u00fcber die Ausschl\u00fcsse die j\u00fcdische Menschen in BIPoC und Migra-Kontexten erleben. Zusammen stellen wir uns dann die Frage, wie eine Solidarit\u00e4t mit j\u00fcdischen Menschen in Antira-Bewegungen aussehen k\u00f6nnte? Der Workshop besteht aus Inputs, \u00dcbungen und Teilen, in denen du dich mit dir selbst auseinandersetzen wirst.<\/p>\n\n\n\n<p class=\"has-text-align-center\">*F\u00fcr wen ist der Workshop offen?*<br>F\u00fcr BIPoCs, Migras und Menschen die in antirassistischen\/ antisemitismuskritischen Kontexten arbeiten<\/p>\n\n\n\n<p class=\"has-text-align-center\"><a href=\"https:\/\/www.umfrageonline.com\/c\/te4rteqd\">Hier<\/a> k\u00f6nnt ihr euch anmelden.<\/p>\n\n\n<div class=\"wp-block-image\">\n<figure class=\"aligncenter size-large is-resized\"><a href=\"https:\/\/www.coraci-festival.de\/wp-content\/uploads\/2023\/05\/Copwatch-Ankuendigung-1.jpg\"><img loading=\"lazy\" decoding=\"async\" width=\"1024\" height=\"1024\" src=\"https:\/\/www.coraci-festival.de\/wp-content\/uploads\/2023\/05\/Copwatch-Ankuendigung-1-1024x1024.jpg\" alt=\"\" class=\"wp-image-2306\" style=\"width:632px;height:632px\" srcset=\"https:\/\/www.coraci-festival.de\/wp-content\/uploads\/2023\/05\/Copwatch-Ankuendigung-1-1024x1024.jpg 1024w, https:\/\/www.coraci-festival.de\/wp-content\/uploads\/2023\/05\/Copwatch-Ankuendigung-1-300x300.jpg 300w, https:\/\/www.coraci-festival.de\/wp-content\/uploads\/2023\/05\/Copwatch-Ankuendigung-1-150x150.jpg 150w, https:\/\/www.coraci-festival.de\/wp-content\/uploads\/2023\/05\/Copwatch-Ankuendigung-1-768x768.jpg 768w, https:\/\/www.coraci-festival.de\/wp-content\/uploads\/2023\/05\/Copwatch-Ankuendigung-1-100x100.jpg 100w, https:\/\/www.coraci-festival.de\/wp-content\/uploads\/2023\/05\/Copwatch-Ankuendigung-1.jpg 1080w\" sizes=\"auto, (max-width: 767px) 89vw, (max-width: 1000px) 54vw, (max-width: 1071px) 543px, 580px\" \/><\/a><\/figure>\n<\/div>\n\n\n<p class=\"has-text-align-center\">Ausstellung: Gef\u00e4hrliche Orte<\/p>\n\n\n\n<p class=\"has-text-align-center\">Eine Ausstellung zu r\u00e4umlichen Manifestationen struktureller Gewalt von Copwatch Hamburg.<\/p>\n\n\n\n<p class=\"has-text-align-center\">Zur Initiative: Mit der Initiative Copwatch Hamburg haben Anfang April 2018 einige Anwohner*innen St. Paulis und andere solidarische Menschen damit begonnen, die polizeiliche Dauerpr\u00e4senz und Ma\u00dfnahmen im sogenannten ,gef\u00e4hrlichen Ort&#8216; St. Pauli kritisch zu begleiten, zu dokumentieren und \u00f6ffentlich zu machen. Bis heute setzt sich die Initiative daf\u00fcr ein, eine \u00d6ffentlichkeit f\u00fcr den Themenkomplex Rassismus und Polizei zu schaffen und unterst\u00fctzt Betroffene von rassistischer Kriminalisierung.<br>Die Initiative fordert eine Abschaffung der sogenannten ,Task Force Drogen&#8216; und der ,gef\u00e4hrlichen Orte&#8216; sowie der tagt\u00e4glich stattfindenden rassistischen Kontrollen durch die Polizei auf St. Pauli und anderswo.<\/p>\n\n\n\n<div style=\"height:100px\" aria-hidden=\"true\" class=\"wp-block-spacer\"><\/div>\n","protected":false},"excerpt":{"rendered":"<p>english Mohamed Amjahid, 1988 in Frankfurt a. M. geboren, ist politischer Journalist, Buchautor und Moderator. Er lebt momentan in Berlin. F\u00fcr seine B\u00fccher \u00bbUnter Wei\u00dfen\u00ab und \u00bbDer wei\u00dfe Fleck\u00ab hat Amjahid viel Aufmerksamkeit bekommen. Auf dem Coraci wird der Autor eine Lesung \u00fcber sein Buch \u00bbLet\u2019s talk about Sex Habibi\u00ab halten.Thema: **Der Sex der Anderen**Unser &hellip; <\/p>\n<p class=\"link-more\"><a href=\"https:\/\/www.coraci-festival.de\/index.php\/programm-2023\/rahmenprogramm-2\/\" class=\"more-link\"><span class=\"screen-reader-text\">\u201eRahmenprogramm 2023\u201c<\/span> weiterlesen<\/a><\/p>\n","protected":false},"author":1,"featured_media":0,"parent":2323,"menu_order":0,"comment_status":"closed","ping_status":"closed","template":"","meta":{"footnotes":""},"class_list":["post-2059","page","type-page","status-publish","hentry"],"_links":{"self":[{"href":"https:\/\/www.coraci-festival.de\/index.php\/wp-json\/wp\/v2\/pages\/2059","targetHints":{"allow":["GET"]}}],"collection":[{"href":"https:\/\/www.coraci-festival.de\/index.php\/wp-json\/wp\/v2\/pages"}],"about":[{"href":"https:\/\/www.coraci-festival.de\/index.php\/wp-json\/wp\/v2\/types\/page"}],"author":[{"embeddable":true,"href":"https:\/\/www.coraci-festival.de\/index.php\/wp-json\/wp\/v2\/users\/1"}],"replies":[{"embeddable":true,"href":"https:\/\/www.coraci-festival.de\/index.php\/wp-json\/wp\/v2\/comments?post=2059"}],"version-history":[{"count":25,"href":"https:\/\/www.coraci-festival.de\/index.php\/wp-json\/wp\/v2\/pages\/2059\/revisions"}],"predecessor-version":[{"id":2485,"href":"https:\/\/www.coraci-festival.de\/index.php\/wp-json\/wp\/v2\/pages\/2059\/revisions\/2485"}],"up":[{"embeddable":true,"href":"https:\/\/www.coraci-festival.de\/index.php\/wp-json\/wp\/v2\/pages\/2323"}],"wp:attachment":[{"href":"https:\/\/www.coraci-festival.de\/index.php\/wp-json\/wp\/v2\/media?parent=2059"}],"curies":[{"name":"wp","href":"https:\/\/api.w.org\/{rel}","templated":true}]}}