{"id":82,"date":"2015-05-23T14:53:42","date_gmt":"2015-05-23T14:53:42","guid":{"rendered":"http:\/\/www.coraci-festival.de\/?page_id=82"},"modified":"2022-06-06T12:39:22","modified_gmt":"2022-06-06T10:39:22","slug":"about-us","status":"publish","type":"page","link":"https:\/\/www.coraci-festival.de\/index.php\/about-us\/","title":{"rendered":"About us"},"content":{"rendered":"\n<p>Vom <strong>17. bis 18. Juni 2022<\/strong> findet zum 13. Mal das Coraci \u2013 festival contre le racisme statt. Das Coraci &#8211; Festival ist ein kleines politisches, antirassistisches Festival, das j\u00e4hrlich am Campus der Leuphana Universit\u00e4t L\u00fcneburg stattfindet. Es ist kostenlos und wird ehrenamtlich von Studierenden organisiert.<\/p>\n\n\n\n<p><\/p>\n\n\n\n<p><\/p>\n\n\n\n<p><strong>Link zur Anmeldung unserer Workshops:<\/strong><\/p>\n\n\n\n<p><a href=\"https:\/\/linkfro.de\/coraci\">https:\/\/linkfro.de\/coraci<\/a><\/p>\n\n\n\n<p><\/p>\n\n\n\n<p><\/p>\n\n\n\n<p><strong>Fakten zum diesj\u00e4hrigen Festival:<\/strong><\/p>\n\n\n\n<ul class=\"wp-block-list\"><li>Vom 17. bis 18. Juni<ul><li>Instagram: <a href=\"https:\/\/www.instagram.com\/coraci.festival\/ \">https:\/\/www.instagram.com\/coraci.festival\/ <\/a><\/li><li>Facebook: <a href=\"https:\/\/www.facebook.com\/Coraci.Lueneburg\/\">https:\/\/www.facebook.com\/Coraci.Lueneburg\/<\/a><\/li><\/ul><ul><li>Telegram:<a href=\"https:\/\/t.me\/coraci2020\"> https:\/\/t.me\/coraci2020<\/a><\/li><\/ul><\/li><\/ul>\n\n\n\n<p><\/p>\n\n\n\n<p>Wir freuen uns, dass wir das Festival dieses Jahr in Pr\u00e4senz abhalten k\u00f6nnen. Unsere Gesellschaft ist gepr\u00e4gt von strukturellen, gesellschaftlichen Problemen, die durch die COVID-19 Pandemie noch verst\u00e4rkt wurden. Menschen, die zuvor schon systematische Benachteiligung erlebt haben, sind verst\u00e4rkt von den negativen Auswirkungen der Pandemie wie bspw. prek\u00e4ren Wohnverh\u00e4ltnissen und Arbeitslosigkeit betroffen.<br>Die Black Lives Matter Demonstrationen und das Wiederaufleben von antisemitischen und rassistischen Verschw\u00f6rungstheorien zeigen uns einmal mehr, dass wir in Zeiten gesellschaftlicher Herausforderungen leben, die es umgehend und so gut wie m\u00f6glich zu bew\u00e4ltigen gilt. Einen Teil dazu tragen kulturpolitische Projekte wie das Coraci-Festival bei.<br><\/p>\n\n\n\n<div class=\"wp-block-buttons is-layout-flex wp-block-buttons-is-layout-flex\"><\/div>\n\n\n\n<blockquote class=\"wp-block-quote is-layout-flow wp-block-quote-is-layout-flow\"><p><strong>&#8222;<em>Wer gestaltet unsere Zukunft? Anti-rassistische Perspektiven auf Utopien<\/em>&#8222;<\/strong><\/p><\/blockquote>\n\n\n\n<p>Ungleiche Machtverh\u00e4ltnisse durchdringen alle Teile des Zusammenlebens und gestalten zwangsl\u00e4ufig unsere Zukunft mit. Auch vorherrschende Zukunftsvisionen werden von diesen unterdr\u00fcckenden Strukturen dominiert. Somit setzen diese eher auf Optimierung statt Neudenken.<\/p>\n\n\n\n<p>Aus diesem Grund m\u00fcssen wir dar\u00fcber reflektieren, von wem beliebte Zukunftsvisionen ausgehen und denjenigen Raum geben, Utopien zu \u00e4u\u00dfern, die nicht geh\u00f6rt werden. Das Ziel ist es, gemeinsame Vorstellungen eines Zusammenlebens zu formulieren, die eine anti-rassistische Grundlage haben. F\u00fcr uns bedeutet Utopien sowohl ein Ertr\u00e4umen gerechter Formen des Zusammenlebens als auch ein Angreifen vorherrschender und nicht vertretbarer Zust\u00e4nde.<\/p>\n\n\n\n<p>Die diesj\u00e4hrigen Referent*innen beleuchten anhand von Vortr\u00e4gen, musikalischen Beitr\u00e4gen, Poetry Slams und Filmen die Thematik aus verschiedenen Perspektiven. Wir laden euch herzlich zu unserem Rahmenprogramm ein und freuen uns mit euch zu diskutieren, zu reflektieren und \u00fcber Ver\u00e4nderungen nachzudenken!&nbsp;<\/p>\n\n\n\n<p>Wir behalten uns vor, Personen mit rassistischen und anderweitig menschenverachtenden oder diskriminierenden \u00c4u\u00dferungen von der Veranstaltung auszuschlie\u00dfen.<\/p>\n\n\n\n<p>Das Coraci-Festival wird von Menschen organisiert, die an politischen Prozessen interessiert sind und sich mit Hilfe dieses Festivals f\u00fcr einen gesellschaftlichen Wandel engagieren wollen. Alle Organisator*innen und Helfer*innen arbeiten unentgeltlich. So k\u00f6nnen wir auch den K\u00fcnstler*innen und Referent*innen nur eine Aufwandsentsch\u00e4digung zahlen und setzen auf die Solidarit\u00e4t aller Beteiligten.<\/p>\n\n\n\n<p>Damit w\u00fcnschen wir Euch allen ein erkenntnisreiches Festival!<\/p>\n\n\n\n<p>Euer Coraci 2022-Team<\/p>\n\n\n\n<p><strong><em>Coraci<\/em><\/strong><strong> 2022 Design: <\/strong>Luca Elena Gromball<\/p>\n","protected":false},"excerpt":{"rendered":"<p>Vom 17. bis 18. Juni 2022 findet zum 13. Mal das Coraci \u2013 festival contre le racisme statt. Das Coraci &#8211; Festival ist ein kleines politisches, antirassistisches Festival, das j\u00e4hrlich am Campus der Leuphana Universit\u00e4t L\u00fcneburg stattfindet. Es ist kostenlos und wird ehrenamtlich von Studierenden organisiert. Link zur Anmeldung unserer Workshops: https:\/\/linkfro.de\/coraci Fakten zum diesj\u00e4hrigen &hellip; <\/p>\n<p class=\"link-more\"><a href=\"https:\/\/www.coraci-festival.de\/index.php\/about-us\/\" class=\"more-link\"><span class=\"screen-reader-text\">\u201eAbout us\u201c<\/span> weiterlesen<\/a><\/p>\n","protected":false},"author":1,"featured_media":0,"parent":0,"menu_order":0,"comment_status":"closed","ping_status":"open","template":"","meta":{"footnotes":""},"class_list":["post-82","page","type-page","status-publish","hentry"],"_links":{"self":[{"href":"https:\/\/www.coraci-festival.de\/index.php\/wp-json\/wp\/v2\/pages\/82","targetHints":{"allow":["GET"]}}],"collection":[{"href":"https:\/\/www.coraci-festival.de\/index.php\/wp-json\/wp\/v2\/pages"}],"about":[{"href":"https:\/\/www.coraci-festival.de\/index.php\/wp-json\/wp\/v2\/types\/page"}],"author":[{"embeddable":true,"href":"https:\/\/www.coraci-festival.de\/index.php\/wp-json\/wp\/v2\/users\/1"}],"replies":[{"embeddable":true,"href":"https:\/\/www.coraci-festival.de\/index.php\/wp-json\/wp\/v2\/comments?post=82"}],"version-history":[{"count":36,"href":"https:\/\/www.coraci-festival.de\/index.php\/wp-json\/wp\/v2\/pages\/82\/revisions"}],"predecessor-version":[{"id":1688,"href":"https:\/\/www.coraci-festival.de\/index.php\/wp-json\/wp\/v2\/pages\/82\/revisions\/1688"}],"wp:attachment":[{"href":"https:\/\/www.coraci-festival.de\/index.php\/wp-json\/wp\/v2\/media?parent=82"}],"curies":[{"name":"wp","href":"https:\/\/api.w.org\/{rel}","templated":true}]}}

<p>Vom <strong>17. bis 18. Juni 2022</strong> findet zum 13. Mal das Coraci – festival contre le racisme statt. Das Coraci &#8211; Festival ist ein kleines politisches, antirassistisches Festival, das jährlich am Campus der Leuphana Universität Lüneburg stattfindet. Es ist kostenlos und wird ehrenamtlich von Studierenden organisiert.</p>



<p></p>



<p></p>



<p><strong>Link zur Anmeldung unserer Workshops:</strong></p>



<p><a href="https://linkfro.de/coraci">https://linkfro.de/coraci</a></p>



<p></p>



<p></p>



<p><strong>Fakten zum diesjährigen Festival:</strong></p>



<ul class="wp-block-list"><li>Vom 17. bis 18. Juni<ul><li>Instagram: <a href="https://www.instagram.com/coraci.festival/ ">https://www.instagram.com/coraci.festival/ </a></li><li>Facebook: <a href="https://www.facebook.com/Coraci.Lueneburg/">https://www.facebook.com/Coraci.Lueneburg/</a></li></ul><ul><li>Telegram:<a href="https://t.me/coraci2020"> https://t.me/coraci2020</a></li></ul></li></ul>



<p></p>



<p>Wir freuen uns, dass wir das Festival dieses Jahr in Präsenz abhalten können. Unsere Gesellschaft ist geprägt von strukturellen, gesellschaftlichen Problemen, die durch die COVID-19 Pandemie noch verstärkt wurden. Menschen, die zuvor schon systematische Benachteiligung erlebt haben, sind verstärkt von den negativen Auswirkungen der Pandemie wie bspw. prekären Wohnverhältnissen und Arbeitslosigkeit betroffen.<br>Die Black Lives Matter Demonstrationen und das Wiederaufleben von antisemitischen und rassistischen Verschwörungstheorien zeigen uns einmal mehr, dass wir in Zeiten gesellschaftlicher Herausforderungen leben, die es umgehend und so gut wie möglich zu bewältigen gilt. Einen Teil dazu tragen kulturpolitische Projekte wie das Coraci-Festival bei.<br></p>



<div class="wp-block-buttons is-layout-flex wp-block-buttons-is-layout-flex"></div>



<blockquote class="wp-block-quote is-layout-flow wp-block-quote-is-layout-flow"><p><strong>&#8222;<em>Wer gestaltet unsere Zukunft? Anti-rassistische Perspektiven auf Utopien</em>&#8222;</strong></p></blockquote>



<p>Ungleiche Machtverhältnisse durchdringen alle Teile des Zusammenlebens und gestalten zwangsläufig unsere Zukunft mit. Auch vorherrschende Zukunftsvisionen werden von diesen unterdrückenden Strukturen dominiert. Somit setzen diese eher auf Optimierung statt Neudenken.</p>



<p>Aus diesem Grund müssen wir darüber reflektieren, von wem beliebte Zukunftsvisionen ausgehen und denjenigen Raum geben, Utopien zu äußern, die nicht gehört werden. Das Ziel ist es, gemeinsame Vorstellungen eines Zusammenlebens zu formulieren, die eine anti-rassistische Grundlage haben. Für uns bedeutet Utopien sowohl ein Erträumen gerechter Formen des Zusammenlebens als auch ein Angreifen vorherrschender und nicht vertretbarer Zustände.</p>



<p>Die diesjährigen Referent*innen beleuchten anhand von Vorträgen, musikalischen Beiträgen, Poetry Slams und Filmen die Thematik aus verschiedenen Perspektiven. Wir laden euch herzlich zu unserem Rahmenprogramm ein und freuen uns mit euch zu diskutieren, zu reflektieren und über Veränderungen nachzudenken!&nbsp;</p>



<p>Wir behalten uns vor, Personen mit rassistischen und anderweitig menschenverachtenden oder diskriminierenden Äußerungen von der Veranstaltung auszuschließen.</p>



<p>Das Coraci-Festival wird von Menschen organisiert, die an politischen Prozessen interessiert sind und sich mit Hilfe dieses Festivals für einen gesellschaftlichen Wandel engagieren wollen. Alle Organisator*innen und Helfer*innen arbeiten unentgeltlich. So können wir auch den Künstler*innen und Referent*innen nur eine Aufwandsentschädigung zahlen und setzen auf die Solidarität aller Beteiligten.</p>



<p>Damit wünschen wir Euch allen ein erkenntnisreiches Festival!</p>



<p>Euer Coraci 2022-Team</p>



<p><strong><em>Coraci</em></strong><strong> 2022 Design: </strong>Luca Elena Gromball</p>

<p>Vom 17. bis 18. Juni 2022 findet zum 13. Mal das Coraci – festival contre le racisme statt. Das Coraci &#8211; Festival ist ein kleines politisches, antirassistisches Festival, das jährlich am Campus der Leuphana Universität Lüneburg stattfindet. Es ist kostenlos und wird ehrenamtlich von Studierenden organisiert. Link zur Anmeldung unserer Workshops: https://linkfro.de/coraci Fakten zum diesjährigen &hellip; </p>
<p class="link-more"><a href="https://www.coraci-festival.de/index.php/about-us/" class="more-link"><span class="screen-reader-text">„About us“</span> weiterlesen</a></p>
